2ba (base 13) in base 7?
1301
What is 26262 (base 9) in base 6?
214002
Convert -1425 (base 7) to base 3.
-202200
-211121 (base 3) to base 14
-318
What is 56407 (base 8) in base 13?
aabc
What is 114111 (base 5) in base 4?
1002321
Convert -130151 (base 6) to base 8.
-26723
What is 157a5 (base 13) in base 4?
21332200
What is 3130 (base 8) in base 3?
2020011
-43325 (base 7) to base 15
-32ee
Convert 17945 (base 12) to base 16.
8585
-1595 (base 16) to base 10
-5525
What is 3133 (base 4) in base 11?
193
Convert 599 (base 10) to base 7.
1514
Convert -224334 (base 6) to base 12.
-b0aa
Convert a5 (base 13) to base 9.
160
-3492 (base 13) to base 5
-214021
110101100 (base 2) to base 12
2b8
What is -1033400 (base 5) in base 4?
-10120313
-69c (base 16) to base 10
-1692
Convert 1000012 (base 5) to base 3.
210102222
Convert -30c0 (base 15) to base 13.
-48c9
239 (base 10) to base 9
285
What is -650a (base 15) in base 14?
-7b17
Convert -10073 (base 9) to base 10.
-6627
Convert -1101010101001 (base 2) to base 4.
-1222221
Convert -133 (base 8) to base 15.
-61
What is 1001010101 (base 2) in base 6?
2433
Convert 2101 (base 6) to base 10.
469
What is -2143 (base 8) in base 5?
-13443
What is -53a19 (base 11) in base 14?
-20820
What is -1010000110010 (base 2) in base 13?
-2479
Convert 4d2 (base 14) to base 6.
4252
Convert 2319 (base 11) to base 10.
3045
Convert -53029 (base 11) to base 10.
-77229
What is -1060 (base 10) in base 8?
-2044
1112100101 (base 3) to base 6
351314
Convert 312313 (base 4) to base 2.
110110110111
1637 (base 9) to base 5
14444
What is -342 (base 13) in base 9?
-683
What is -574 (base 16) in base 8?
-2564
Convert 43214 (base 5) to base 15.
d09
-34145 (base 6) to base 5
-123232
-124012 (base 5) to base 16
-1312
What is 870b (base 12) in base 3?
202100202
What is -12222100 (base 3) in base 8?
-10404
What is 4404 (base 11) in base 7?
22642
-202304 (base 5) to base 13
-2cc1
10130223 (base 4) to base 2
100011100101011
What is 2220220 (base 3) in base 12?
1296
Convert -203 (base 9) to base 10.
-165
What is -1709 (base 16) in base 9?
-8072
-ab71 (base 12) to base 6
-223421
What is -6cbb (base 16) in base 9?
-42157
7906 (base 12) to base 10
13398
What is -7365 (base 13) in base 8?
-37141
Convert 2201 (base 4) to base 7.
320
What is 15 (base 16) in base 2?
10101
What is -1043 (base 6) in base 14?
-135
Convert -111111100000 (base 2) to base 9.
-5515
What is 202112112 (base 3) in base 15?
4682
Convert 44003 (base 5) to base 13.
14a0
88c (base 14) to base 5
23232
-612 (base 9) to base 8
-761
-7264 (base 11) to base 10
-9629
Convert 18ae (base 16) to base 2.
1100010101110
Convert 20 (base 7) to base 2.
1110
What is 4101 (base 5) in base 2?
1000001110
-1110001011 (base 2) to base 13
-54a
What is -1604 (base 7) in base 8?
-1201
52641 (base 9) to base 8
103742
Convert -122000211 (base 3) to base 10.
-12415
What is -22001 (base 3) in base 16?
-d9
What is -600 (base 10) in base 9?
-736
Convert -4030 (base 15) to base 12.
-7a09
10101110111 (base 2) to base 3
1220211
-100011010 (base 2) to base 3
-101110
-512a (base 16) to base 10
-20778
Convert -6633 (base 11) to base 2.
-10001000101100
What is -467 (base 11) in base 7?
-1424
What is 34112 (base 5) in base 6?
15051
Convert -105dd (base 15) to base 13.
-1a85a
What is e9 (base 16) in base 11?
1a2
-2500 (base 11) to base 9
-4430
-47497 (base 10) to base 12
-235a1
41131 (base 6) to base 14
1db9
Convert -12688 (base 13) to base 9.
-51667
Convert 1351 (base 10) to base 12.
947
What is 11021 (base 4) in base 12?
235
What is 1374 (base 16) in base 15?
1720
Convert 10084 (base 11) to base 15.
4573
What is -34a7 (base 11) in base 6?
-33134
What is 95e (base 16) in base 8?
4536
913a (base 15) to base 16
77bf
Convert -624 (base 7) to base 12.
-220
-30514 (base 6) to base 13
-1b19
Convert -1690 (base 10) to base 4.
-122122
What is 66c9 (base 16) in base 11?
18851
Convert 10031110 (base 4) to base 16.
4354
1743 (base 13) to base 4
311223
What is -10240 (base 8) in base 3?
-12211122
-15617 (base 8) to base 16
-1b8f
Convert -1222221 (base 3) to base 14.
-760
What is 11032233 (base 4) in base 13?
999c
Convert -11322 (base 4) to base 7.
-1050
Convert -311a (base 12) to base 2.
-1010011100110
254 (base 6) to base 13
82
What is -3e84 (base 15) in base 13?
-6139
What is 46117 (base 9) in base 4?
13133323
What is -2238 (base 11) in base 12?
-1855
Convert 440 (base 12) to base 6.
2520
-215 (base 13) to base 7
-1016
What is -2c7b (base 13) in base 9?
-8848
Convert 1424311 (base 5) to base 6.
350404
Convert -1111221 (base 3) to base 8.
-2121
-24158 (base 10) to base 2
-101111001011110
72 (base 13) to base 5
333
Convert -1010001100010 (base 2) to base 13.
-24b5
-1360 (base 8) to base 14
-3ba
What is 1a96 (base 11) in base 4?
221112
What is -23102122 (base 4) in base 8?
-132232
What is 30066 (base 9) in base 7?
111363
3211 (base 4) to base 6
1021
Convert -14478 (base 9) to base 12.
-5868
Convert -2b6c (base 15) to base 14.
-3583
25540 (base 6) to base 10
3876
What is 20354 (base 6) in base 13?
1324
What is 3143 (base 5) in base 9?
520
Convert -32322 (base 5) to base 7.
-6310
Convert 624 (base 14) to base 12.
848
Convert 101100010001101 (base 2) to base 11.
16039
What is 407 (base 15) in base 9?
1217
653 (base 7) to base 6
1312
What is 2844 (base 12) in base 4?
1020310
What is -a10 (base 14) in base 13?
-b8b
What is -692 (base 14) in base 5?
-20204
Convert 11213 (base 7) to base 13.
13b5
-1100102 (base 3) to base 15
-458
What is 363 (base 14) in base 10?
675
Convert 706 (base 9) to base 6.
2353
What is 26b81 (base 12) in base 14?
1570d
What is 3b96 (base 13) in base 4?
2011331
13023 (base 7) to base 4
311313
Convert 102110 (base 3) to base 8.
465
What is 10b47 (base 13) in base 3?
1112210212
What is -120441 (base 6) in base 13?
-4a47
463 (base 10) to base 7
1231
Convert -a23 (base 12) to base 4.
-112323
Convert 101011001 (base 2) to base 8.
531
10010000001111 (base 2) to base 12
5413
20159 (base 12) to base 6
520553
What is 2964 (base 13) in base 11?
4562
What is -1042 (base 10) in base 13?
-622
What is -1663 (base 7) in base 2?
-1010101010
Convert -150e (base 15) to base 9.
-6165
Convert -550 (base 14) to base 10.
-1050
-1051 (base 13) to base 14
-b79
What is -352 (base 11) in base 12?
-2b0
a82 (base 16) to base 8
5202
Convert 1110000101 (base 2) to base 13.
544
Convert 434 (base 10) to base 16.
1b2
What is -61 (base 12) in base 7?
-133
30000 (base 4) to base 16
300
What is 3202031 (base 5) in base 12?
26a93
1788 (base 15) to base 4
1033112
d3 (base 16) to base 9
254
What is 130122 (base 4) in base 8?
3432
What is -28734 (base 10) in base 11?
-1a652
What is -105ab (base 13) in base 7?
-152100
What is -4cc (base 14) in base 6?
-4244
What is 2a3a6 (base 11) in base 14?
119a7
-7689 (base 12) to base 9
-18826
Convert 7469 (base 11) to base 5.
304001
Convert 44 (base 6) to base 12.
24
What is 23751 (base 10) in base 13?
aa70
1aa3 (base 13) to base 7
14502
What is b18 (base 14) in base 5?
32203
-2022112 (base 3) to base 5
-23223
What is 185 (base 16) in base 6?
1445
What is 1021202 (base 3) in base 8?
1652
What is 17bb (base 12) in base 6?
21155
What is -910b (base 12) in base 2?
-11110101011011
What is -cb (base 16) in base 15?
-d8
Convert -12130 (base 4) to base 8.
-634
Convert 42a (base 14) to base 2.
1100110110
Convert 213 (base 15) to base 6.
2100
-1022112 (base 3) to base 14
-4c7
5f7d (base 16) to base 2
101111101111101
Convert 145 (base 11) to base 5.
1140
Convert -20121 (base 4) to base 14.
-2a5
63345 (base 8) to base 7
136540
What is 10201021 (base 3) in base 2?
101010010011
What is 23143 (base 5) in base 6?
11425
-1047 (base 8) to base 7
-1415
71141 (base 9) to base 15
dcd4
What is 1340155 (base 6) in base 2?
10010010111100111
What is -85d (base 14) in base 7?
-4546
Convert 1032111 (base 4) to base 3.
20212200
What is 1a66 (base 14) in base 10?
4794
Convert -250601 (base 7) to base 13.
-17b8b
Convert -22100022 (base 4) to base 10.
-41994
Convert -1211211 (base 4) to base 6.
-50033
Convert -2eeb (base 16) to base 7.
-50006
Convert 111011011 (base 2) to base 11.
3a2
-5a8 (base 11) to base 14
-399
What is 22620 (base 8) in base 16?
2590
Convert 264 (base 10) to base 3.
100210
Convert -1313303 (base 4) to base 6.
-55255
Convert -12122 (